 -y**2 + 15*y + 25. Calculate the remainder when f(14) is divided by 7.
4
Let c be 12/18 + 79/3. Suppose -c - 29 = -4*d. Let i = 25 - d. What is the remainder when i is divided by 4?
3
Suppose -5*x + r - 6*r + 200 = 0, -3*r - 28 = -x. Let m be -38*2*(-3)/4. Suppose 0*c = -3*c + m. What is the remainder when x is divided by c?
18
Let m(r) = -r**3 + 2. Let v = 19 + -1. Calculate the remainder when v is divided by m(-2).
8
Let f = 86 + -59. Calculate the remainder when f is divided by 15.
12
Let y(v) = v**3 - 4*v**2 + 2*v + 4. Calculate the remainder when 699/15 + -4 + 68/20 is divided by y(4).
10
Suppose -3*i + 2*i = -11. What is the remainder when 21 is divided by i?
10
Let p = 20 - 9. What is the remainder when 19 is divided by p?
8
Let q be 8 - 0 - 3 - 2. Suppose -3*m = 2*u - 38, -5*u = -2 - q. Calculate the remainder when m is divided by 5.
2
Suppose -331 = -t - 151. What is the remainder when t is divided by 46?
42
Let f = -11 - -7. What is the remainder when (4 + (-222)/(-15))/((-2)/(-5)) is divided by 4/(1 + 3/f)?
15
Suppose -4*m + 28 = -16. What is the remainder when 40 is divided by m?
7
Let l = 47 - 25. Let n be 266/(-6) + 2/6. Calculate the remainder when 22 is divided by (-4)/l - 360/n.
6
Let f(h) = h**2 - 13*h + 24. Calculate the remainder when 5 is divided by f(11).
1
Suppose 0 = -4*n - 0 + 16. Suppose -n*x = 4*q - 152, q + 2*q = 3*x - 144. Calculate the remainder when x is divided by 15.
13
Suppose 3*r - 48 = -r. Suppose o + 4 = 3*p - o, 4*p + 2*o = 10. Suppose 3*f - 2*x - 2*x - 46 = 0, 2*f + p*x = 54. What is the remainder when f is divided by r?
10
What is the remainder when 34 is divided by ((-6)/4)/(36/(-240)) - -2?
10
Suppose -2*d + 0*d = -24. Let y = 13 + -8. What is the remainder when d is divided by y?
2
Suppose -h = -0*h - 5. Let z be -1*(3 + -1) + 4. Suppose 2*y - z = 4. Calculate the remainder when h is divided by y.
2
Suppose -u + d = -161, 3*d - 307 = u - 3*u. What is the remainder when 2/1 + 23 + 1 is divided by u/18 - 10/(-45)?
8
Let u = 163 + -115. What is the remainder when u is divided by 7?
6
Suppose -2*z = -5*z. Suppose 0*w + w = z. Suppose 0*t + t + j - 13 = w, -t = 4*j - 19. Calculate the remainder when t is divided by 3.
2
Suppose 4*n + 15 = 3*g + 2*n, 5*g + n = 12. Suppose 0 = 2*d - 29 - g. What is the remainder when 46 is divided by d?
14
Suppose 3*z = 3*x + 15, 4*x - 2 = -4*z + 2. Suppose -5*l + 8 = 3*j - 3*l, -2*j + 5*l + 18 = 0. What is the remainder when j is divided by z?
1
Let g be 52/10 - 3/15. Suppose 3*q + 11 = 5*t - 10, 2*t = -g*q - 4. Suppose -3*h + 51 = t*j, -5*j + 1 = h - 2*h. Calculate the remainder when h is divided by 5.
4
Let s be (1/(-2))/((-1)/(-8)). Let u(i) = -i**2 - 4*i + 5. Suppose 3*t - 32 = -t. What is the remainder when t is divided by u(s)?
3
Let p = 34 + -16. Suppose 5*a = q - 28, -35 = -5*q + a + 129. Let w = q - p. Calculate the remainder when w is divided by 8.
7
Let m = 24 - 18. Calculate the remainder when 7 is divided by m.
1
Let z = 10 + 24. Let k be (-73)/2 + (-6)/(-4). Let d = -23 - k. Calculate the remainder when z is divided by d.
10
Suppose -4*s - 5 = 3, -5*s + 280 = 5*l. Let n = l + -24. Calculate the remainder when n is divided by 12.
10
Let c(h) = -h**3 + 18*h**2 - 28*h + 5. What is the remainder when c(16) is divided by 10?
9
Let y(x) = x**3 - 6*x**2 - 7*x + 2. Let w be y(7). Suppose 0 = -4*c + w*c - 112. Calculate the remainder when 29 is divided by c/(-6) - (-4)/6.
9
Suppose 283 = 2*i + u, 2*i + 3*u = 224 + 57. What is the remainder when i is divided by 13?
12
Suppose -5*v = -3*v - 4. Let i(z) = -2*z - 9. Calculate the remainder when i(-6) is divided by v.
1
Let v = -297 - -476. Let g = v - 106. What is the remainder when g is divided by 19?
16
Suppose 4*f = 4, 0 = 3*z - 0*f - f - 539. What is the remainder when z is divided by 26?
24
Suppose 5*c = -5*l + 25, -5*l = -0*l + 4*c - 25. Suppose -l*o + 4*t = -23 + 7, -23 = -5*o - 3*t. Calculate the remainder when 6 is divided by o.
2
Let m(f) = -f**3 - 2 - 2*f - f - 6*f**3 + 4*f**3. Calculate the remainder when 10 is divided by m(-1).
2
Let c(z) = z**3 - z + 1. Let x(q) = -16*q**3 + 6*q - 3. Let d(n) = 4*c(n) + x(n). What is the remainder when 32 is divided by d(-1)?
10
Let t = 6 - 2. Suppose -t*p = -k - 1, -2*p - 11 = -4*k - 1. Calculate the remainder when 11 is divided by k.
2
What is the remainder when (10/10)/((-2)/82*-1) is divided by 11?
8
Let j be (3 + 15/(-6))*0. Suppose j = -5*t + 196 + 89. Calculate the remainder when t is divided by 12.
9
Let y = 2 + 1. Suppose 4*o - 2*q = -0*q + 54, 2*o + 5*q = -y. What is the remainder when 43 is divided by o?
10
Let s(c) = c + 4. Let i be s(0). Let n = -62 - -110. Suppose y - n = 4*b, -i = -y - b + 24. Calculate the remainder when y is divided by 17.
15
Let b = 4 + -2. Suppose -2*x + 12 = -4*a, -3*a - b*a + 11 = 4*x. Suppose 2*d + 14 = 3*v + 39, x*d - v - 45 = 0. What is the remainder when 20 is divided by d?
9
Calculate the remainder when 28 is divided by 32/(-10)*165/(-22) - 3.
7
Let m = -9 + 8. What is the remainder when (m - -11)/((-6)/(-9)) is divided by 8?
7
Let m be ((-6)/(-10))/(2/10). Suppose -2*u + m*u - 29 = 0. Calculate the remainder when u is divided by 8.
5
Suppose -5*w + r = 4*r - 67, -r + 27 = 2*w. Suppose m + 10 = 2*m. Suppose 0 = 4*a - m - 22. What is the remainder when w is divided by a?
6
Suppose 2*b = -2*b + 148. Calculate the remainder when b is divided by 8.
5
Let o(l) = 3*l**2 + 20*l + 15. Calculate the remainder when 185 is divided by o(-8).
44
Calculate the remainder when (-4)/(-2) + 72 + 2 is divided by 11.
10
Suppose 5*h = -l + 1 + 110, h = -2*l + 15. What is the remainder when h is divided by (-1)/(0 - 2/24)?
11
Calculate the remainder when 127 + 10/(-5) + -1 is divided by 32.
28
Let r(o) = -2 - o**2 - 1 + o**2 - 2*o - 4*o**2. Let s be r(-2). What is the remainder when (-1)/(-3 - 42/s) is divided by 2?
1
Suppose -70 + 14 = -4*v. Calculate the remainder when v is divided by 5.
4
Suppose -g + 7*d - 3*d = -23, d + 4 = 0. What is the remainder when 9 is divided by g?
2
Suppose -2*k + 15 = -9. Suppose -84*x + 81*x + 24 = 0. What is the remainder when k is divided by x?
4
Let u(k) = -5*k**2 + 6*k - 14. Let d(p) = -2*p**2 + 3*p - 7. Let w(o) = 7*d(o) - 3*u(o). Calculate the remainder when w(-7) is divided by (2/(-4))/(4/(-88)).
10
Let u = -3 + 7. Suppose -11 = -u*a + 21. What is the remainder when a is divided by 24/9 - (-1)/3?
2
Let c(j) = -4*j**3 - 1. Let b be c(-1). Suppose -7 + 1 = -b*u. Calculate the remainder when 16 + -4 + 2 + u is divided by 9.
7
Let w(n) = n**2 - n + 12. Let p be w(0). Suppose -3*i - 10 - 5 = 0. Let c = p + i. What is the remainder when 12 is divided by c?
5
Suppose 11 = 5*o - 4*o. Let c = -1 + o. What is the remainder when 28 is divided by c?
8
Let q = -38 - -118. What is the remainder when q is divided by 28?
24
Let x(c) = -4*c + 15. Let s(z) = -5*z + 15. Let t(w) = -3*s(w) + 4*x(w). What is the remainder when t(5) is divided by 4?
2
Let i(f) = -f. Let r be i(-5). Suppose r*x = -2 - 3, 2*c - 4 = -2*x. Calculate the remainder when 11 is divided by c.
2
Let h(r) = 10*r. What is the remainder when h(5) is divided by 13?
11
Let u(a) = a**3 + 4*a**2 - 3*a + 1. Let w = 15 - 10. Suppose -w*l = -10*l + 25. Calculate the remainder when u(-4) is divided by l.
3
Suppose 219 = -5*y + 964. Suppose -3*h - y = -4*t - 0*h, 2*t - 61 = -3*h. Calculate the remainder when t is divided by 13.
9
Suppose -2*j + 49 - 5 = 0. Calculate the remainder when j is divided by 12.
10
Suppose -7 = -3*t - 1. Let r(y) = y**2 + 4*y - 1. Let z be r(-8). Suppose -w = -4*b + 60 + z, -4*b = t*w - 94. What is the remainder when b is divided by 8?
7
Suppose -3*w = 3*w - 54. What is the remainder when 34 is divided by w?
7
Let s(q) = -q**3 + 6*q**2 + 6*q + 5. Let z be s(6). Let b = -28 + z. Suppose 4*n - 57 = -b. Calculate the remainder when n is divided by 4.
3
Let j = 51 - -3. Suppose -2*o + 48 = -2*c, 4*c - 2*c = 8. Calculate the remainder when j is divided by o.
26
Let w = 28 + -21. Suppose 16 = -4*k, -2*k + 68 = -h + 5*h. What is the remainder when h is divided by w?
5
Let k be (3*(-4)/3)/1. Let d(l) = -3*l**2 - 2*l - 3. Let v(i) = -4*i**2 - 2*i - 4. Let c(w) = k*v(w) + 5*d(w). What is the remainder when 6 is divided by c(3)?
2
Suppose -2*l + 58 - 22 = 